32 + -29 + -7 - (0 + 5)?
-9
Calculate -15 + 3 + -5 - (-8 + 1).
-10
What is the value of (-21 - -15) + 0 + 24?
18
What is 20 + (16 - 58 - -21)?
-1
What is -8 + -1 - (-26 + 46 + -17) - -6?
-6
What is the value of -26 + (21 - 1) - (-19 + -3)?
16
Calculate -6 + -3 + -7 + (-3 + 9 - -7).
-3
18 - ((4 - -13) + 9)
-8
What is the value of 27 - ((-1 - 9) + 78 + -58)?
17
What is the value of 36 - (-1 + 11 + 30 + 4 + -32)?
24
(26 - (-27 - -71)) + (1 - 0) + 5
-12
What is 7 - (14 + -5) - ((3 - 4) + -7)?
6
Calculate 67 + 3 + -46 + -33.
-9
Calculate (-21 - -20) + (-6 - 1) + -46 + 53.
-1
Calculate 8 + (1 - (-3 + 6 - 13)) + -1.
18
What is the value of 5 + (-9 - -14) - 15?
-5
Evaluate (-62 - -34) + 1 - -34.
7
6 + (-17 - (-10 + (-5 - -8)))
-4
6 - -1 - ((-8 - 3 - -18) + 0)
0
What is 4 - (-5 + 3 + -6 + 6 - -3)?
3
-3 + -3 - (-38 + (-11 + 2 - -16))
25
Calculate -3 + (-1 + (10 - -4) - 8).
2
Evaluate 13 + -1 - (-14 + 10 + -3).
19
(-25 - (11 + (-10 - 0))) + 12
-14
What is -12 - (22 - 13) - (-9 + 1)?
-13
-15 + -12 + 38 + -4 + 1
8
What is the value of (14 + 23 - 36) + (-2 - -2) + -2?
-1
(-6 - ((-2 - 31 - 2) + 1)) + -2
26
What is (44 - 103) + 45 + -9?
-23
What is -5 + 22 + (3 - 20)?
0
Evaluate -11 - (3 + 1) - (-41 - -34).
-8
Calculate 17 - (-30 - -34 - -16).
-3
Calculate (24 + -30 - (4 - (-4 - -2))) + -5.
-17
What is the value of (-6 - (-1 + -4 - (-50 - -51))) + -6?
-6
-54 - (-22 + 8) - (2 + -2 - 9)
-31
Evaluate -2 - -5 - (0 - -9 - 1 - 2).
-3
What is -7 + (-12 - (9 - -11 - 16))?
-23
Evaluate -27 - (-18 - 2 - 30).
23
What is the value of -7 - (5 + -1 + -3)?
-8
Calculate (-7 - -21) + -20 + 38.
32
What is -10 + 18 + -2 - -24 - 17?
13
-7 + (2 - (9 - 38))
24
What is (3 - -8) + (-9 + 4 - 18)?
-12
What is the value of 32 + (-22 - (19 - 15))?
6
-7 + (14 - (5 + 1))
1
-16 + (-11 - -11) + (-18 - -20)
-14
Calculate (2 - 0) + -4 + 4 + -5.
-3
Evaluate (1 - -22) + (-8 - (17 - 6)) + 17.
21
What is the value of 61 - 96 - ((-2 - -4) + -20)?
-17
(-6 - (2 + -6)) + (-13 - -10)
-5
What is -6 - -5 - (-2 + -4)?
5
Calculate -8 - (11 + -19 + 20).
-20
(218 + -209 - (-2 + -7)) + 1
19
What is the value of (-22 - (1 - 0)) + (13 - 7)?
-17
What is the value of -14 + -31 + 37 + (1 - 2)?
-9
Evaluate (6 - -8) + -6 + 5 + 7 + -5.
15
(194 - 202) + -1 + 9 + 1
1
What is the value of -9 + (4 - ((48 - 44) + (0 - 0)))?
-9
Evaluate -7 + -3 - (-2 + 14 - (7 + 9)).
-6
Evaluate 5 + -17 + -3 - (21 + -12).
-24
891 + -939 - (-2 - 43)
-3
What is -2 + 23 - (-64 - -54 - (-18 - -1))?
14
What is -6 - (8 - (4 - -2)) - (1 + 0)?
-9
(1 + -1 - (-96 + 97)) + 0
-1
What is 47 + -42 - -8 - 45?
-32
-724 + 708 + (1 - (2 - 0))
-17
What is (-105 + 101 - (-1 + -9) - -1) + 7?
14
What is the value of -37 - (-157 - -104) - (0 + 12)?
4
What is -11 + -2 - -8 - 1?
-6
Calculate -4 - -15 - (9 + (2 - (-3 + 11))).
8
Calculate 1 - (0 + -14) - (17 - (38 - 18)).
18
What is the value of -30 + 0 + (23 - (3 + 6)) + -8?
-24
(0 - 26) + (-854 - -856)
-24
Calculate 9 + -5 + -9 + 3 + 1.
-1
What is the value of -3 + -5 + (-3 - -11 - 4) + 2?
-2
3 + (2 - 16) - (-2 + (-2 - -1))
-8
Calculate (4 - ((2 - -9) + 1)) + 9.
1
What is -6 + -2 - -24 - (-1 + (1 - -3))?
13
What is the value of 38 + -21 - (2 + 17)?
-2
Calculate -7 - -1 - (5 + (-8 + 10 - 1)).
-12
Evaluate 1 + (3 - (-7 + 4) - 5) + 0.
2
What is the value of -5 - (21 + (-10 - 8) + (0 - -2))?
-10
Calculate (-4 - (6 + -7)) + (15 - 0 - 2).
10
Calculate 49 + (-20 - (22 + -12)).
19
Evaluate (10 - 14 - 1) + (4 - 0).
-1
What is the value of 2 + (5 - -9 - 18 - (-4 + 0))?
2
What is 0 - (0 - (3 - 3))?
0
Evaluate 23 + -21 + (-14 - -3).
-9
-7 + (9 - 2) + 3 + -1 - 13
-11
What is the value of -6 + -12 + 4 - -3 - -1?
-10
Evaluate -12 - (-28 - -11) - (-2 + 9 + -6).
4
9 + 11 + -13 - 0
7
-14 + -2 - -8 - -8
0
0 + -1 - (121 - 128)
6
Evaluate -24 - -11 - (7 - -2 - 5).
-17
4 + 0 + -38 + 23 + 23
12
What is the value of -30 - -12 - (-54 - 2)?
38
Calculate 82 - 86 - (0 - 0 - (-6 + 0)).
-10
Evaluate -48 - -4 - -25 - (-1 - 4).
-14
What is (6 - -1) + (-8 - -11) - (28 + 1)?
-19
What is the value of 49 + (-26 + -5 - -6)?
24
Calculate -2 - (-90 - -86 - (1 - 7)).
-4
What is 0 - (-6 - ((-1 - (-2 - 2)) + -17))?
-8
What is the value of -3 - -2 - (-18 + 12 + -8)?
13
What is the value of 1 + 7 + (-167 - -159)?
0
-12 + 39 + -16 + (2 - 4)
9
What is the value of -11 - (1 - (-10 + 27))?
5
Calculate 14 + (10 - (3 - -7) - 12).
2
Evaluate (-17 - (-3 - 1) - -2) + 2.
-9
Evaluate -17 + 17 + (18 - 4).
14
What is 4 - (12 + -12 + 8) - 1?
-5
-12 + (-43 - -76) + -16
5
(6 + -9 - -10) + 7
14
What is -3 + (-8 - (-27 - -5)) + 0?
11
(-3 - 1 - (32 + -21 - 25)) + -9
1
What is the value of 9 + -1 + 117 + -113 + -20?
-8
What is (-8 - -5 - 8) + -4 + 2?
-13
-3 - (-6 + 3 + -3 - (-6 - 4))
-7
What is the value of (15 - 43) + 15 + -1 + 0?
-14
Evaluate 1 + (-2 - -2) - ((1 - -12) + -15).
3
Calculate 84 - 84 - (-4 + -1 - -3 - -3).
-1
-10 + 0 + (-139 - -134)
-15
Evaluate (6 - 4 - 6) + -3 + 7.
0
What is -1 - (6 + 4 + -4) - -11?
4
Calculate -5 - ((-1 - 11) + 5 - -9).
-7
Calculate (-2 - (-1 - -3)) + 1 + -2 + 2.
-3
6 + -12 + 2 + -1 + -12
-17
What is the value of (-5 - (-10 - -10)) + 10 + (1 - 0)?
6
Evaluate -12 + (-6 - 4) + 14.
-8
What is (37 - (20 + -5)) + -24?
-2
Evaluate 8 + (9 - (-3 - (2 + -26))).
-4
What is the value of (12 - 0) + (-19 - -2)?
-5
What is the value of (-25 - -12) + (-1 - -27)?
13
Evaluate -3 + 8 + 0 + -9 + 8.
4
What is -7 - (-32 + 27 + (3 - (-2 - -3)))?
-4
5 + -16 + 7 + -1 + 6 + 2
3
What is the value of 9 - (0 - (5 + 1 - 8 - -3))?
10
10 - (3 - (-3 + (-5 - -9)))
8
Calculate -37 + 32 + -4 + 0 - 10.
-19
What is the value of -31 + (-20 - 8) + 77?
18
(-2 + 5 - (61 + -64)) + 10
16
Evaluate (-5 + 1 - (75 - 86)) + -24.
-17
Calculate -44 + (11 - (-6 - -3)) - -4.
-26
Evaluate ((-2 - 2) + -2 + 6 - 6) + -7.
-13
Evaluate -4 - -18 - (-62 + 90).
-14
Calculate -8 - (-21 - 1 - ((-14 - -34) + -16)).
18
Evaluate -14 + 7 + 12 + (2 + 6 - 0).
13
Calculate -16 + 32 + -8 - 5.
3
Calculate (70 - 68) + 1 + -2 + -4.
-3
2 + -4 + 0 - ((22 - 48) + 30)
-6
What is the value of -1 - -41 - (-430 + 452)?
18
Evaluate 44 + 0 - (-1578 + 1597).
25
Evaluate 87 + -98 + 23 + 1.
13
What is (-4 - -1) + (2 - 0 - 10)?
-11
Calculate (-66 - -28) + 4 - -21.
-13
-2 - -40 - (360 - 339)
17
Evaluate 3 + (6 - 10 - (-52 + 39)).
12
Calculate (-27 - -16 - -15) + (-3 - -1) + -6.
-4
What is 7 + 14 + -15 + 4?
10
What is the value of -2 + 3 + -1 - 11 - (10 - 7)?
-14
Calculate -10 - (-1 - -12 - (-14 - -20)).
-15
6 + (-21 - -8 - 10)
-17
7 - (-13 + 23 - (-12 - -2)) - -1
-12
What is -3 + 10 + -2 - (25 - -1 - 22)?
1
(-1 - 10) + 34 + -14
9
Calculate (1 - 1 - 14) + (12 - -7 - 13).
-8
Calculate (-1 + 10 - (18 - (28 + -14))) + 5.
10
What is the value of -3 - -30 - (-2 + 2)?
27
What is the value of 9 + 4 + 15 + 4 + -1 + -9?
22
What is 33 + 0 + -9 + -38?
-14
What is -2 + 10 + (20 - 26 - -9)?
11
Evaluate 40 - 41 - (-1 + -10).
10
Evaluate 10 - (23 - (-1 + 22) - (1 - -8)).
17
What is (3 + 5 + -14 - -11) + 30?
35
What is the value of -1 + 27 + -3 + -12 + -2 + 12?
21
What is -30 + 2 + (116 - 115) - -15?
-12
What is -34 + 65 - 21 - (1 - -12)?
-3
What is the value of -8 + 6 + (13 - 8)?
3
What is (-2 + -4 - 2) + 21 - 1?
12
What is the value of -1 - (-39 + 30 + 2 + -12)?
18
What is -20 - (8 - (13 + 1) - -15)?
-29
What is the value of 0 + 12 + (-1 - -1)?
12
What is the value of -5 - 4 - (-4 - 1) - (11 + -15)?
0
-18 - (9 - 23) - -16
12
Evaluate (343 - 333) + (-2 - (2 - -2) - -2).
6
Calculate -10 - -1 - ((1 - 0) + 0).
-10
Calculate -22 - (14 + -40) - 9.
-5
Calculate (1 - 3 - -6) + (-33 - (-69 + 20)).
20
What is the value of (-4 - -8) + (-30 - -33 - (7 - -1))?
-1
What is (-5 + (19 - 3) + 2 - 5) + 2?
10
What is 3 + (7 - ((-2 - -5) + 13)) + 14?
8
Evaluate (49 - 45) + -1 + -1 + -2 + 1.
1
Evaluate 2 - -4 - 33 - (-6 - (-25 - -7)).
-39
(21 - (3 - -6)) + -2 + -8
2
-7 + -6 + -4 + 31
14
What is the value of -16 - 4 - -27 - -4?
11
Evaluate -8 - (-8 + (-8 - -8) + 7).
-7
What is 17 - (26 - 7) - (-11 + -2 + 2)?
9
What is -2 + 5 - (6 + -9) - 17?
-11
Calculate 6 - (-17 + 9 + 57 + -13).
-30
Calculate 20 + (-30 - (8 - 15)).
-3
Calculate 35 - -12 - 29 - (18 + 0).
0
Evaluate -5 - -1 - (25 - 36) - 17.
-10
Evaluate (0 + 23 - 3) + 1 + (21 - 20).
22
Evaluate (-1 - (1 + -7 + -1)) + 5 + 1.
12
Evaluate 304 + -266 - (25 + -2).
15
Calculate 10 - (6 + (-12 - -13)).
3
What is -6 